+ 4*q - 4 = 0, 2*q = 3*y - 3*q + 9. Suppose -1 = -y*u + 9. What is the remainder when 13 is divided by u?
3
Let j be ((-7)/14)/(1/(-34)). Let d = j + -3. What is the remainder when 27 is divided by d?
13
Suppose 63 = 5*g + y, y + y = 2*g - 30. What is the remainder when 24 is divided by g?
11
Let f(l) = -3*l + 11. Calculate the remainder when f(-17) is divided by 13.
10
Suppose 57 + 33 = 5*l. Let z = l + -10. Calculate the remainder when 20 is divided by z.
4
Let b = -17 - -24. Suppose -4*g = -b*g + 60. Suppose j = 4*j - 21. What is the remainder when g is divided by j?
6
Let k(s) = -s**3 - 5*s**2 + 6*s + 8. Let r be k(-6). Suppose -5*c - 18 = -r*c. Calculate the remainder when 19 is divided by c.
1
Let f be 1*(18 - 0 - 2). Let y = f + -9. Suppose -2*z = -4*c - 16, z + 5*c + y = -3*z. What is the remainder when 3 is divided by z?
1
Suppose -2*v + 3 + 5 = 0. Suppose -2*k + 3*s = -43, -v*s = k - 0*s - 5. Calculate the remainder when 65 is divided by k.
14
Let s be 3/((12/8)/1). Suppose s*y = -5*q + 95, 2*q + y = 5*y + 14. What is the remainder when 33 is divided by q?
16
Let v(s) = -12*s + 68. What is the remainder when v(0) is divided by 12?
8
Let g = 13 - -6. What is the remainder when 94 is divided by g?
18
Suppose -2*x - 44 = -4*x. Suppose -q = 4*q - 15. Suppose -64 = -q*o - x. What is the remainder when 27 is divided by o?
13
Let s be 10/4 + (-2)/4. Suppose 10 = -s*w, -4*x + 5*w = x + 5. Let m(q) = -3*q - 3. What is the remainder when 44 is divided by m(x)?
14
Calculate the remainder when 32 is divided by (6/6 - 2)*(-11 + 0).
10
Let b(m) = 17*m + 7. What is the remainder when 287 is divided by b(1)?
23
Suppose x + 0*x - 4 = 0. Calculate the remainder when 14 is divided by x.
2
Calculate the remainder when (-362)/(-4) - (-1)/(-2) is divided by 23.
21
Suppose -4*g = g - 10. Suppose 57 = r + g*r. What is the remainder when (36*1 - 0) + 1 is divided by r?
18
Let s = -4 + 8. Calculate the remainder when s is divided by 3.
1
Suppose 3*c = 4*w - 2*c - 153, 4*w - 147 = -c. Calculate the remainder when 142 is divided by w.
31
What is the remainder when ((-13)/(-2))/(6/12) is divided by (-1)/(2*1/(-10))?
3
Let k = -4 - -70. What is the remainder when k is divided by 24?
18
Suppose 229 = 5*a - y - 68, -2*y = 4. Suppose 3 = -m + 2. Calculate the remainder when a is divided by m + 19 + (-2)/(-1).
19
Let x = 81 + -54. Calculate the remainder when 375 is divided by x.
24
Let i = 20 - 10. What is the remainder when 17 is divided by i?
7
Let y(n) = -n**3 + 6*n**2 + 4*n + 2. Let o(i) = i**2. Let a(m) = -4*o(m) + y(m). Let f(u) = 13*u**2 + u. Calculate the remainder when a(-3) is divided by f(-1).
11
Let p(u) = 1 + 3 - 7*u - 5. Let t(n) = 5*n - 7. Calculate the remainder when t(9) is divided by p(-2).
12
Suppose -6*b - 26 = -2. Let a = b + 6. What is the remainder when a is divided by 2?
0
Let g = -30 - -62. Calculate the remainder when 126 is divided by g.
30
Suppose 0 = 3*x - 3*n + n - 119, -3*x + 3*n = -120. Calculate the remainder when x is divided by 21.
18
Suppose -4*a = 8, -k + a - 4 = 2*k. Let z be k/(4/3)*-12. Calculate the remainder when (104/12)/(4/z) is divided by 14.
11
Suppose -3*a - i + 12 = -4*i, 0 = -2*a + i + 7. Suppose -r = 5*d - 62, -2*r - r = -a*d + 30. What is the remainder when d is divided by 5?
2
What is the remainder when (9/(-4))/(15/(-40)) is divided by 3?
0
Suppose -5*d = d - 78. Let l(w) = -w**3 + w + 4. What is the remainder when d is divided by l(0)?
1
Calculate the remainder when 94 is divided by 0 - (150/2)/(-3).
19
What is the remainder when (-2)/5 - (-2429)/35 is divided by 18?
15
Suppose -m + 76 = -149. Suppose -3*n + m = 2*n. What is the remainder when n is divided by 16?
13
Suppose -5*y + 3 = 8. What is the remainder when ((-28)/(-10))/(6/90) is divided by (-26)/(-2) - (3 + y)?
9
Let f(h) = 7 + 2 - 4*h**2 + 0*h**3 - h**3 + 12*h**2 - h. What is the remainder when 2 is divided by f(8)?
0
Let t = 33 - -51. Suppose 4*n - t = n. Let o = 25 - 10. Calculate the remainder when n is divided by o.
13
Let q(m) = m**2 - 5*m + 7. Calculate the remainder when q(6) is divided by 5.
3
Let c be 2/1*(-2 + 4). Let b be (-1)/(-2) + 7/2. Suppose -c = -b*m + 40. What is the remainder when 32 is divided by m?
10
Let h be -1 + (-1 - -6 - -1). Let c(d) = 8*d + 3. Let k(v) = -v**3 + 14*v**2 - 13*v + 11. Calculate the remainder when c(h) is divided by k(13).
10
Suppose 0 = -g - 2*g. Let h(l) = l**2 + l + 40. What is the remainder when h(g) is divided by (-21)/((-1 - 0) + 0)?
19
Suppose -21*v = -19*v - 64. Let q = v + -11. What is the remainder when q is divided by 12?
9
Let x(t) = 2*t - 1. Let c = 34 + -17. Let p = 41 - c. Calculate the remainder when p is divided by x(7).
11
Let n be (-1 - -3)/(6/15). Suppose l - n = 9. Calculate the remainder when l is divided by 8.
6
Let l = 27 + 1. Calculate the remainder when 53 is divided by l.
25
Let t = -6 + 15. Suppose 0 = 3*h - 5*h + 68. Calculate the remainder when h is divided by t.
7
Let i be -1 - -1 - (2 + -2). Suppose i = 5*z - 96 - 19. Let l = -10 + z. What is the remainder when 24 is divided by l?
11
Let d(n) = -n**2 + 8*n + 11. Let x be d(9). Suppose 0 = -4*y + x*y + 34. Let p = -15 + 48. Calculate the remainder when p is divided by y.
16
Let f be 4*(2 - (-101)/4). Suppose -3*a + f = 40. Let j(o) = 7*o - 2. What is the remainder when a is divided by j(2)?
11
Suppose 18*g = 14*g + 40. Suppose 5*m = 2*n - 4*n + 9, -3*m = -n - 1. What is the remainder when g is divided by (2 - -4)/(n - 1)?
4
Suppose -12 = -q - 5*q. Suppose -28 = -2*y - q*k, -12 - 16 = -2*y - 3*k. Calculate the remainder when 39 is divided by y.
11
Let i(u) = u**3 - 7*u**2 - 6*u - 8. Calculate the remainder when 30 is divided by i(8).
6
Let b = 7 + -3. Calculate the remainder when (2/b - 0)*6 is divided by -1*(1 - -7)/(-4).
1
Let v(w) = w**2 + 7*w + 5. Let x be v(-6). What is the remainder when 48/(x - (-21)/12) is divided by 22?
20
Suppose 14 = 7*k - 42. Let f = -4 - -8. Suppose -9 = -f*i + i. What is the remainder when k is divided by i?
2
Let n(q) = -q**3 - 13*q**2 - 2*q - 12. Suppose -5*a + 0*a + 200 = 0. Calculate the remainder when a is divided by n(-13).
12
Let m(t) = -t - 1. Let g(p) = 8*p - 2. Let q(s) = 9*s - 2. Let f(o) = 5*g(o) - 4*q(o). What is the remainder when m(-11) is divided by f(2)?
4
Let i(r) = -20*r + 1. Let y(n) = 20*n - 1. Let x(l) = -3*i(l) - 4*y(l). Let k be (1/(-3))/(5/30). Calculate the remainder when x(k) is divided by 14.
13
Suppose 2*u = 2*q + 6, 2*u - 3*q - 2 = 2. What is the remainder when 8 is divided by u?
3
Let m = 32 - 26. Calculate the remainder when m is divided by 2.
0
Let g(m) = -m**3 + 9*m**2 - 7*m + 7. Let d be g(8). Suppose d*n + 15 = 18*n. What is the remainder when 13 is divided by n?
3
Let s(j) = -j**2 - 5*j + 2. Suppose 3 = 3*k + 15. Let h be s(k). Let m(i) = 4*i + 3. What is the remainder when m(h) is divided by 10?
7
Suppose 3*z + 2*z = b - 2, 25 = 4*b - 3*z. Suppose o + 4*n - 42 = 0, -3*o + 10 = -3*n - 56. What is the remainder when o is divided by b?
5
Let p = -6 + 89. What is the remainder when p is divided by 22?
17
Suppose 0 = -16*i + 22*i - 78. Calculate the remainder when 48 is divided by i.
9
Suppose -2*d = 2*n + 2*d + 60, -2*d = -3*n - 50. Let t be (-24)/n*20/(-6). Let s = 15 + t. Calculate the remainder when 42 is divided by s.
9
Let o(p) = p + 7. Let y be o(0). Suppose -20 = 4*b, -a - y = -2*b - 32. Calculate the remainder when a is divided by ((-2)/(-3))/((-1)/(-12)).
7
Let q be 8/(-28) + (-338)/(-7). Let n be q/30 - 2/(-5). Suppose -n*k - 4 + 60 = 0. Calculate the remainder when k is divided by 10.
8
Let x(j) = j**3 + 8*j**2 + 2*j + 2. Let o be x(-8). Calculate the remainder when o/6*(-3)/1 is divided by 3.
1
Suppose 3*z - 54 = -2*j, -4*z + 6*j = 3*j - 55. Calculate the remainder when z is divided by 9.
7
Let j(h) = h**2 - 6*h + 6. Let z be 5/1 + (-2 - -3). Suppose 4*f - 31 = -3*o, -f = -4*f - o + 17. What is the remainder when j(z) is divided by f?
2
Let j(d) = -10*d - 23. What is the remainder when 79 is divided by j(-5)?
25
Suppose 4*f - 4*p - 181 = f, 3*f + 2*p = 211. Calculate the remainder when f is divided by 18.
13
Let m(p) = p**2 - 16*p + 5. Calculate the remainder when m(17) is divided by 6.
4
Suppose 4*b + 4*s - 18 - 14 = 0, -27 = -3*b - 2*s. What is the r